alculate the highest common factor of 16 and 4036084.
4
What is the greatest common factor of 7414578 and 18981?
999
Calculate the highest common factor of 105 and 620046.
21
Calculate the greatest common factor of 59035391 and 89.
89
Calculate the highest common factor of 836 and 3361237.
11
Calculate the highest common divisor of 4140350 and 450.
50
Calculate the greatest common divisor of 4 and 72400700.
4
What is the highest common divisor of 30376373 and 837?
31
Calculate the highest common factor of 20072574 and 8658.
666
Calculate the highest common divisor of 472526 and 4814.
58
Calculate the highest common divisor of 1900 and 10038460.
380
What is the greatest common divisor of 1136 and 1108272?
16
What is the greatest common factor of 847 and 10537285?
121
What is the greatest common divisor of 12 and 26791344?
12
Calculate the highest common factor of 1250642 and 5048.
1262
Calculate the highest common divisor of 66757152 and 180.
12
What is the greatest common divisor of 152 and 224425036?
76
Calculate the greatest common divisor of 119733 and 3852.
321
Calculate the greatest common factor of 190 and 6366235.
95
What is the highest common factor of 9 and 45447?
3
What is the greatest common divisor of 4498695100 and 1525?
1525
Calculate the greatest common factor of 7370529 and 15438.
93
What is the highest common factor of 1189012905 and 783?
783
What is the highest common divisor of 278445 and 15?
15
Calculate the highest common divisor of 14371 and 15071.
7
Calculate the greatest common factor of 28725 and 1113764.
383
What is the greatest common divisor of 43450096 and 3162?
1054
What is the greatest common factor of 831990414 and 12?
6
What is the greatest common factor of 248691264 and 23744?
3392
What is the greatest common divisor of 10146950 and 80?
10
Calculate the greatest common divisor of 81 and 27119043.
81
Calculate the highest common divisor of 1449 and 2391.
3
What is the greatest common divisor of 3290 and 4210780?
70
What is the greatest common divisor of 4518 and 7521466?
502
What is the greatest common factor of 1100 and 65334120?
20
Calculate the greatest common divisor of 28402 and 290586026.
2582
What is the greatest common divisor of 367230 and 6060?
30
Calculate the highest common factor of 1657585620 and 9.
9
Calculate the greatest common factor of 1536195 and 4935.
705
What is the greatest common factor of 10074 and 7176192?
438
Calculate the greatest common factor of 364716 and 233934.
1842
Calculate the highest common divisor of 14160 and 33416538.
354
What is the highest common divisor of 19283 and 526878?
11
Calculate the greatest common factor of 27974214 and 1302.
186
What is the greatest common factor of 1692 and 26638002?
846
Calculate the highest common factor of 2234467028 and 2564.
2564
What is the greatest common factor of 104990 and 370?
10
What is the highest common divisor of 843150 and 1617?
231
Calculate the highest common factor of 688605 and 10107455.
7915
What is the greatest common divisor of 217511900 and 8140?
740
Calculate the highest common factor of 57819330 and 18270.
2610
Calculate the highest common divisor of 379225534 and 764.
382
Calculate the greatest common factor of 1688619 and 5454.
303
Calculate the highest common factor of 17726100 and 83676.
4404
What is the greatest common divisor of 18706230 and 180?
90
What is the highest common factor of 3997895 and 235?
5
What is the greatest common factor of 569040 and 540?
60
What is the highest common factor of 62173 and 25654626?
787
What is the highest common divisor of 23892491 and 296?
37
Calculate the highest common factor of 276759 and 8175373.
4393
What is the highest common factor of 3672 and 52218?
54
What is the greatest common factor of 56773290 and 294?
42
Calculate the highest common divisor of 57269549 and 6715.
1343
What is the highest common factor of 2793 and 16393048?
931
What is the highest common factor of 2178 and 5011094?
242
What is the highest common divisor of 10556 and 33586553?
2639
What is the highest common factor of 933066 and 16578?
54
What is the highest common factor of 22440886 and 65?
13
Calculate the highest common factor of 1862991 and 7137.
117
What is the greatest common divisor of 125 and 14752100?
25
What is the greatest common divisor of 31522506 and 34?
2
What is the greatest common divisor of 1093760 and 44800?
640
What is the highest common factor of 435358 and 2786651?
1799
Calculate the greatest common factor of 1562 and 9382366.
142
Calculate the highest common factor of 193223 and 39123.
23
What is the highest common factor of 2235 and 8134655?
745
What is the greatest common divisor of 166256 and 72?
8
What is the greatest common divisor of 33905781 and 35217?
819
What is the highest common divisor of 955288 and 3053?
43
What is the greatest common factor of 38218 and 231442?
194
What is the greatest common divisor of 3536579 and 8613?
29
What is the greatest common factor of 90 and 55001410?
10
Calculate the highest common divisor of 28206 and 3680.
2
What is the greatest common factor of 49 and 14057071?
49
What is the greatest common divisor of 56180313 and 343?
343
What is the greatest common factor of 9958 and 115492?
26
What is the greatest common factor of 36 and 3506956416?
36
Calculate the highest common factor of 233919 and 456225.
1659
What is the highest common factor of 7269797 and 111?
37
Calculate the greatest common factor of 575722879 and 1412.
353
Calculate the highest common divisor of 91836 and 4629.
3
What is the highest common divisor of 30447008 and 120?
8
What is the greatest common factor of 20534004 and 324?
36
Calculate the greatest common divisor of 81867 and 60523.
29
What is the highest common factor of 16790868 and 1034262?
5778
Calculate the highest common divisor of 204553160 and 1043.
1043
Calculate the greatest common divisor of 286 and 16581818.
22
What is the greatest common factor of 403696 and 460368?
368
What is the greatest common divisor of 209 and 73314901?
209
Calculate the highest common divisor of 77816 and 10224.
568
Calculate the greatest common divisor of 1416882529 and 1669.
1669
What is the greatest common factor of 262509 and 7682103?
4953
Calculate the highest common divisor of 240 and 784785.
15
What is the greatest common divisor of 4544 and 3191592?
568
What is the greatest common factor of 18502 and 4136038?
1682
Calculate the highest common divisor of 4392243 and 51039.
963
What is the greatest common factor of 58 and 38571334?
58
What is the greatest common factor of 109234422 and 132?
66
What is the highest common factor of 163542380 and 136?
68
Calculate the highest common divisor of 192696 and 115996776.
6216
Calculate the greatest common divisor of 2379 and 11053627.
793
What is the highest common factor of 1751 and 5157416?
103
What is the greatest common factor of 408 and 85875432?
408
What is the highest common divisor of 3680528 and 240?
16
Calculate the highest common factor of 10112 and 206111.
79
Calculate the greatest common divisor of 37695124 and 254.
254
Calculate the highest common divisor of 3231169872 and 168.
168
Calculate the highest common divisor of 2543447 and 2643.
881
What is the greatest common divisor of 3433659 and 48603?
2859
Calculate the highest common factor of 251936 and 176.
16
What is the highest common factor of 120570 and 5145?
15
What is the highest common divisor of 154669234 and 38?
38
Calculate the highest common factor of 210 and 28755130.
10
What is the highest common factor of 2474 and 32842?
2
What is the greatest common divisor of 235 and 10662520?
5
Calculate the highest common divisor of 43 and 54710147.
43
Calculate the greatest common factor of 793 and 378204697.
793
What is the highest common divisor of 26593 and 19894?
203
What is the highest common factor of 1532783 and 63?
7
What is the highest common divisor of 4780118 and 5992?
1498
What is the highest common factor of 1734 and 5698502?
578
Calculate the highest common factor of 37898 and 362656.
14
Calculate the greatest common divisor of 1132632 and 360.
72
Calculate the greatest common divisor of 2653290 and 1944.
54
Calculate the highest common factor of 5080 and 25833070.
1270
What is the highest common